 thousands digit of 4798?
4
What is the hundreds digit of 8096?
0
What is the units digit of 717?
7
What is the units digit of 4592?
2
What is the units digit of 23768?
8
What is the tens digit of 32620?
2
What is the thousands digit of 40973?
0
What is the units digit of 5862?
2
What is the tens digit of 4235?
3
What is the tens digit of 25936?
3
What is the hundreds digit of 3643?
6
What is the tens digit of 58715?
1
What is the thousands digit of 2801?
2
What is the thousands digit of 1199?
1
What is the tens digit of 3951?
5
What is the thousands digit of 5679?
5
What is the tens digit of 66535?
3
What is the ten thousands digit of 41453?
4
What is the units digit of 529?
9
What is the thousands digit of 3025?
3
What is the thousands digit of 1043?
1
What is the units digit of 2258?
8
What is the tens digit of 28908?
0
What is the tens digit of 25674?
7
What is the thousands digit of 79944?
9
What is the hundreds digit of 539?
5
What is the ten thousands digit of 24338?
2
What is the units digit of 4336?
6
What is the tens digit of 16?
1
What is the tens digit of 777?
7
What is the units digit of 2049?
9
What is the hundreds digit of 631?
6
What is the units digit of 7348?
8
What is the units digit of 1494?
4
What is the thousands digit of 5573?
5
What is the units digit of 89?
9
What is the tens digit of 40?
4
What is the thousands digit of 45146?
5
What is the hundreds digit of 1291?
2
What is the thousands digit of 4847?
4
What is the tens digit of 325?
2
What is the ten thousands digit of 146941?
4
What is the hundreds digit of 71830?
8
What is the thousands digit of 80941?
0
What is the tens digit of 40439?
3
What is the thousands digit of 57457?
7
What is the ten thousands digit of 30648?
3
What is the tens digit of 4054?
5
What is the units digit of 9734?
4
What is the tens digit of 9078?
7
What is the tens digit of 130?
3
What is the ten thousands digit of 55185?
5
What is the units digit of 14918?
8
What is the units digit of 3426?
6
What is the hundreds digit of 3128?
1
What is the hundreds digit of 151530?
5
What is the hundreds digit of 553?
5
What is the thousands digit of 14205?
4
What is the ten thousands digit of 40563?
4
What is the thousands digit of 3869?
3
What is the tens digit of 2751?
5
What is the units digit of 389?
9
What is the hundreds digit of 26674?
6
What is the units digit of 3199?
9
What is the units digit of 943?
3
What is the hundreds digit of 2409?
4
What is the units digit of 55?
5
What is the hundreds digit of 8009?
0
What is the units digit of 101087?
7
What is the hundreds digit of 70634?
6
What is the ten thousands digit of 117378?
1
What is the tens digit of 9836?
3
What is the hundreds digit of 5144?
1
What is the tens digit of 129?
2
What is the units digit of 79833?
3
What is the hundreds digit of 576?
5
What is the units digit of 54053?
3
What is the tens digit of 21891?
9
What is the thousands digit of 2778?
2
What is the tens digit of 6877?
7
What is the ten thousands digit of 115360?
1
What is the hundreds digit of 7082?
0
What is the units digit of 1898?
8
What is the hundreds digit of 622?
6
What is the hundreds digit of 14922?
9
What is the thousands digit of 7136?
7
What is the hundreds digit of 1459?
4
What is the thousands digit of 3133?
3
What is the tens digit of 1173?
7
What is the tens digit of 44851?
5
What is the ten thousands digit of 10639?
1
What is the units digit of 3500?
0
What is the units digit of 1556?
6
What is the ten thousands digit of 61475?
6
What is the tens digit of 10376?
7
What is the units digit of 509?
9
What is the hundreds digit of 6292?
2
What is the units digit of 8486?
6
What is the thousands digit of 6396?
6
What is the units digit of 17275?
5
What is the tens digit of 1228?
2
What is the tens digit of 1627?
2
What is the units digit of 82348?
8
What is the hundreds digit of 1177?
1
What is the units digit of 3033?
3
What is the thousands digit of 13661?
3
What is the thousands digit of 31886?
1
What is the hundreds digit of 20482?
4
What is the tens digit of 1996?
9
What is the hundreds digit of 3434?
4
What is the hundreds digit of 530?
5
What is the ten thousands digit of 64492?
6
What is the thousands digit of 108363?
8
What is the units digit of 8889?
9
What is the thousands digit of 3244?
3
What is the thousands digit of 1055?
1
What is the thousands digit of 5954?
5
What is the thousands digit of 3809?
3
What is the thousands digit of 10340?
0
What is the units digit of 5711?
1
What is the hundreds digit of 96202?
2
What is the tens digit of 73524?
2
What is the ten thousands digit of 78512?
7
What is the thousands digit of 5747?
5
What is the thousands digit of 39651?
9
What is the ten thousands digit of 19545?
1
What is the tens digit of 47529?
2
What is the units digit of 4404?
4
What is the units digit of 952?
2
What is the thousands digit of 11492?
1
What is the ten thousands digit of 12042?
1
What is the thousands digit of 11918?
1
What is the units digit of 391?
1
What is the tens digit of 1828?
2
What is the thousands digit of 2358?
2
What is the hundreds digit of 3895?
8
What is the ten thousands digit of 70398?
7
What is the units digit of 836?
6
What is the thousands digit of 2801?
2
What is the tens digit of 7880?
8
What is the units digit of 1440?
0
What is the thousands digit of 1350?
1
What is the hundreds digit of 2170?
1
What is the tens digit of 67326?
2
What is the hundreds digit of 984?
9
What is the hundreds digit of 83189?
1
What is the thousands digit of 87031?
7
What is the hundreds digit of 1901?
9
What is the hundreds digit of 6007?
0
What is the tens digit of 140001?
0
What is the units digit of 2200?
0
What is the thousands digit of 6744?
6
What is the units digit of 1525?
5
What is the thousands digit of 1316?
1
What is the tens digit of 9204?
0
What is the hundreds digit of 10816?
8
What is the units digit of 4962?
2
What is the ten thousands digit of 27991?
2
What is the tens digit of 2335?
3
What is the units digit of 15?
5
What is the units digit of 2888?
8
What is the hundreds digit of 17612?
6
What is the units digit of 2695?
5
What is the units digit of 24949?
9
What is the thousands digit of 13377?
3
What is the units digit of 124?
4
What is the units digit of 1262?
2
What is the units digit of 29656?
6
What is the tens digit of 55518?
1
What is the hundreds digit of 11482?
4
What is the tens digit of 14444?
4
What is the thousands digit of 2376?
2
What is the units digit of 467?
7
What is the units digit of 76093?
3
What is the units digit of 54?
4
What is the units digit of 42?
2
What is the tens digit of 902?
0
What is the hundreds digit of 2250?
2
What is the thousands digit of 1329?
1
What is the tens digit of 9431?
3
What is the hundreds digit of 1090?
0
What is the hundreds digit of 647?
6
What is the hundreds digit of 901?
9
What is the units digit of 15032?
2
What is the ten thousands digit of 15927?
1
What is the tens digit of 21149?
4
What is the hundreds digit of 72750?
7
What is the ten thousands digit of 73246?
7
What is the hundreds digit of 4258?
2
What is the hundreds digit of 650?
6
What is the thousands digit of 3964?
3
What is the units digit of 56364?
4
What is the ten thousands digit of 84040?
8
What is the hundred thousands digit of 183576?
1
What is the ten thousands digit of 10316?
1
What is the tens digit of 9479?
7
What is the hundreds digit of 95074?
0
What is the thousands digit of 4636?
4
What is the thousands digit of 33329?
3
What is the tens digit of 9615?
1
What is the tens digit of 212?
1
What is the hundreds digit of 3291?
2
What is the hundreds digit of 151?
1
What is the thousands digit of 1135?
1
What is the thousands digit of 1518?
1
What is the thousands digit of 74852?
4
What is the hundreds digit of 4536?
5
What is the units digit of 9356?
6
What is the units digit of 39970?
0
What is the tens digit of 4621?
2
What is the thousands digit of 2911?
2
What is the units digit of 183?
3
What is the tens digit of 49?
4
What is the hundreds digit of 1792?
7
What is the hundreds digit of 872?
8
What is the hundreds digit of 7213?
2
What is the hundreds digit of 3611?
6
What is the tens digit of 1499?
9
What is the units digit of 6698?
8
What is the ten thousands digit of 